9*m**2 + 5. Let h be c(b). Suppose h*l = -5*g + 369 + 91, -15 = -3*l. What is the units digit of g?
7
Suppose 7 + 2 = 3*m. Suppose 0 = -m*y + 17 + 799. Suppose -5*j = -j - y. What is the units digit of j?
8
Let y(i) = 20264*i**3 - 20263*i**3 - 6*i**2 - 23*i + 17*i**2 - 2. Suppose 5*n + 39 = -21. What is the units digit of y(n)?
0
Let s = -37 - -51. Suppose 686 = -s*y + 7*y. Let j = 223 + y. What is the hundreds digit of j?
1
Let u(y) = y**2 + 3. Let b be u(0). Suppose -m + 315 = -b*n, -4*m - 6*n + 9*n = -1260. What is the hundreds digit of m?
3
Let f be (-6 + (3 - -2))*-3 + -1. What is the tens digit of 112565/94 + (-5)/f?
9
Suppose 0 = 40*q + 13*q - 115*q + 2084688. What is the thousands digit of q?
3
Let c be (3 - 1)*(-135)/(-10). Let n(v) = 33 + c + 9 + v**2 - 22. What is the tens digit of n(0)?
4
Let x be 6 - -7 - 168/28. Let v = -1 + 3. Suppose -x*j = v*j - 162. What is the tens digit of j?
1
Suppose 0 = 2*d + 2*c - 44, 3*c = 3*d - 7*d + 84. Suppose 17*x + 55 = d*x + 5*y, 123 = 2*x - 3*y. What is the units digit of x?
0
Suppose 0 = 4*x - x - 15. Let s(n) = 3*n**2 + 8*n - 10. Let m be s(x). What is the tens digit of m + (4 + -5 - -6)?
1
Let k be 436/(-10) - 6*2/30. What is the tens digit of (5 + k/8)/(2/(-372))?
9
Let t(v) = 364*v - 1391. What is the tens digit of t(74)?
4
Let t be (2/(-7) + 6/21)/(-2). Suppose t = 3*w + 4*a - 2 - 15, 4*a = -4*w + 20. Suppose w*g - 410 = -4*y + 5*g, 4*g = -3*y + 335. What is the units digit of y?
5
Let r = 22 + -6. Suppose 11*j = r*j - 4510. Suppose 0 = 6*v - 17*v + j. What is the units digit of v?
2
Let x(d) = -67*d**3 - d**2 + 1. Suppose 2*q + b + 3*b - 8 = 0, -2*q = -5*b - 8. Suppose -18 = 3*t + 3*p, -3 = -4*t + q*p + 13. What is the units digit of x(t)?
7
Let m(x) = x**3 - 3*x**2 + 9*x + 13. Let v be m(-6). Let l be (-2)/(13/(-65) + (-83)/v). Let s = 77 - l. What is the hundreds digit of s?
1
Let l = 17 + 485. Let b = l - 47. What is the hundreds digit of b?
4
Let a be 122/8 - (-4)/(-16). Let c(w) = 10*w - a - 8 + 21. What is the tens digit of c(18)?
7
Let u(c) = 5*c**3 + c**2 + c - 2. Let m be u(1). Suppose m*v - 5*k = 449 + 3586, -2433 = -3*v - k. What is the units digit of v?
0
Suppose 0 = -2*n - 56 + 64. Suppose 4*c - 440 = -0*c. Suppose -c = -n*j + 2*j. What is the units digit of j?
5
Suppose 0 = -5*p - 5*u + 15770, 1514 = p + 3*u - 1642. What is the tens digit of p?
5
Let t(a) = 2*a**3 + 6*a**2 - 6*a - 32. Let l be t(-5). Let z = l + 77. Let o = 49 - z. What is the units digit of o?
4
Suppose k + 12896 = 4*h + 5*k, -3*h + 9669 = 4*k. Suppose -h = -3*c - 2*q, 0 = -c + 3*q - 36 + 1097. Suppose -10*x - 133 + c = 0. What is the tens digit of x?
9
Suppose 30 = -14*a + 17*a. Suppose s = 3*k - 2*k + 6, 0 = -s + 5*k + a. Suppose -6*l + 63 = 2*g - s*l, -2*g = 5*l - 83. What is the tens digit of g?
2
What is the units digit of -676*((-3)/((-12)/(-67)))/(10/40)?
2
Suppose -28*j + 14157 = -19*j. Suppose -3*r = -s - j, 17*r - 3*s + 1569 = 20*r. What is the hundreds digit of r?
5
Suppose -l = -81 + 75. What is the hundreds digit of l/(-9) + 6128/12 + -3?
5
Let x(n) = -10*n - 50. Let s be (5 + (-7)/(-7))/(1/(-2)). What is the units digit of x(s)?
0
Let f = -229 - -420. Let r = f - 93. What is the tens digit of r?
9
Let r(v) = v**2 - 12*v + 31. Let b be r(3). What is the tens digit of b/11 + 222599/143?
5
What is the ten thousands digit of (-8 - 501*4/(-30))/(12/5070)?
2
Let t(j) = 146*j + 426. What is the thousands digit of t(21)?
3
Let z(f) = 17*f**3 - 10*f**2 + 10*f - 56. Let g be z(10). Suppose 6*c = -15*c + g. What is the hundreds digit of c?
7
Let v(b) = b**3 + 5*b**2 + 3*b + 20. Let d be v(-5). Suppose 12*r + d*k + 16 = 11*r, 0 = -4*k - 20. What is the units digit of r?
9
Let l = -36615 - -243. What is the units digit of ((-2)/(-6))/((-28)/l)?
3
What is the ten thousands digit of (336119*14/196)/((-5)/(-10))?
4
Let n(s) = s**3 - 10*s**2 + 6*s + 31. Let c be n(9). Suppose -d + 28 = c*w, -3*d - 5*w + 98 = -0*d. What is the units digit of d/6*(-4)/6 + 108?
4
Suppose 4228 = 5*g - 13*b + 11*b, 5*g = -2*b + 4232. Suppose 0 = -5*c + 4536 - g. What is the hundreds digit of c?
7
Let r(z) = 415*z**3 + z**2 - 2*z - 1. Let w be (-19)/(38/(-12)) + -5. What is the tens digit of r(w)?
1
Suppose -3 = -2*z + 2*c + 13, -3*c - 6 = 0. What is the units digit of (z/(-7))/(4089/(-511) + 8)?
8
Let d(z) be the second derivative of 2*z**3/3 + 35*z**2/2 + 229*z + 1. Let c(w) = w - 1. Let g be c(1). What is the units digit of d(g)?
5
Let l = 1427 + -350. Suppose -18*x + l = -2901. What is the tens digit of x?
2
Let k(n) = -5*n - 7*n + 22 + n. Suppose -10 = -3*r - 34. What is the hundreds digit of k(r)?
1
Let c(y) be the third derivative of y**6/120 - y**5/60 - y**4/3 + 1229*y**3/6 + y**2 + 54. What is the thousands digit of c(0)?
1
Let i(t) = -39*t**2 - 3*t - 1. Let h be i(-1). Let p be (0 + 1)/(-2 - h/19). Let l = p - -71. What is the tens digit of l?
5
Let s = 384 - 340. What is the hundreds digit of 110/s - 6075/(-6)?
0
Let o be (-3)/(-2)*((-55)/(-3) - 1). Let g = o - 16. What is the tens digit of 4/10 + ((-17648)/g)/(-8)?
2
Let s be (31 - 2)/((-8)/(-3456)). Suppose s = 48*l - 19*l. What is the units digit of l?
2
What is the units digit of 952/714*1/2 + 32695/3?
9
Let z(v) = 51*v + 2*v**2 + 52*v - 105*v + 336*v**3 + 1. What is the hundreds digit of z(1)?
3
Let j = 15354 - 10937. What is the tens digit of j?
1
Let p(y) = y - 67 + 103 + 11*y**2 - 57. What is the tens digit of p(-5)?
4
Let p(y) = 29*y - 13. Let j be p(6). Suppose -4*g = j - 5. Let a = -33 - g. What is the units digit of a?
6
Let v(o) = 3*o**2 + 19*o + 42. Let f(y) = -y**2 + 20*y + 6. Let k be f(21). What is the tens digit of v(k)?
3
What is the hundreds digit of ((-14690)/(-130))/((4/894)/(4/6))?
8
Suppose 8*z - 23*z = 60. Let r(f) = 23*f**2 - 10*f - 11. What is the units digit of r(z)?
7
Let y = 19964 + -11412. What is the units digit of y?
2
Let g = 79 - 78. Let m be (g + -1)/(-3 + 5). Suppose -5*p = -5*q + 50, m = 4*q - 3*p - 6 - 32. What is the units digit of q?
8
Let s = 12 - 8. Suppose s*z - 2*z = 38. Suppose -18*k - 58 = -z*k. What is the units digit of k?
8
Let f = -122 + 128. Suppose -3*k + w - 2663 = -f*k, -4*k = 4*w - 3548. What is the tens digit of k?
8
Let l be -62*-3*4/24. Let b = l - -5. Suppose 0 = 5*g - 194 - b. What is the tens digit of g?
4
Let a be (-13)/(-39)*(19 + -1). Suppose -4*u = a + 6, 5*u = -3*w + 21. What is the units digit of (196/16)/(3/w)?
9
What is the hundreds digit of (9/6)/(-5*1/(-1450))?
4
Let a be 33 - 2/4*4*-1. Let u = a + -39. What is the units digit of (69/u)/(-2 - -1)*4?
9
Let c(i) = -7*i + 2290. What is the units digit of c(17)?
1
Let k = 5888 + -2982. What is the tens digit of k?
0
Let f = -28544 - -40019. What is the thousands digit of f?
1
Suppose 0 = -2*a - 5*o + 2074, 6*a + 2*o - 1039 = 5*a. Suppose -3*m = 627 - a. What is the units digit of m?
0
What is the hundreds digit of 4999 + (1 - (-6 - -3))?
0
Let t = 5667 - 2983. What is the hundreds digit of t?
6
Suppose -w + 976 + 2497 = -1341. What is the thousands digit of w?
4
Let x(v) = 11*v - 42. Let q be x(4). Suppose 2*a = 3*z + 692, 0 = q*a - z + 4*z - 680. What is the units digit of a?
3
Let c = 124108 + -60163. What is the ten thousands digit of c?
6
Suppose -4 = -3*m + 5. Suppose m*j - 3 = -4*k + 11, 4*k = -2*j + 12. Suppose -3*i + 206 = -3*y + 38, -3*y - 113 = -j*i. What is the units digit of i?
5
Let k(w) = 1016*w**2 + 21*w + 2. What is the ten thousands digit of k(-4)?
1
Suppose -10*h + 370 = -0*h. Suppose -40*b + 696 = -h*b. Suppose 164 = 6*o - b. What is the tens digit of o?
6
Let j = -232 + 235. Suppose 0 = x, -j*i = 5*x - 83 - 637. What is the units digit of i?
0
Suppose -5*r + 158204 = -172*b + 176*b, -2*r + 4*b = -63248. What is the tens digit of r?
3
Let c = 11514 - 1201. What is the thousands digit of c?
0
Let d(f) = 4*f - 46. Let j be d(12). Suppose -40 = -j*x - 8*x. Suppose 1 = -c - 4, -x*a + 3*c + 879 = 0. What is the units digit of a?
6
Let i(r) = 12*r**3 - 6*r**2 - 13*r + 20. What is the units digit of i(1)?
3
Suppose 32*p - 34*p + 1532 = 0. Let n = p - 105. What is the tens digit of n?
6
Let n(c) = 8*c - 6. Let l be n(0). What is the tens digit of ((-20472)/30)/2*15/l?
5
Let f be 3 + -1*(-3 - -4). Let k be f + (-5 + 2)/(-1). Suppose 2*i + 0